)/(-81). What is the greatest common divisor of z and 12?
12
Let m be 3/(-4)*(-896)/8. Suppose 2*i = 8*f - 380, -4*f + 3*i - 98 = -284. What is the greatest common divisor of m and f?
12
Let h be (16 + -7 + 1548)/3. Let p = -479 + h. Suppose -s + 2*s - 50 = 0. Calculate the greatest common divisor of s and p.
10
Let f = -1388 - -1401. What is the greatest common factor of 6851 and f?
13
Let y = 0 - -1. Suppose -5*n = 13*k - 11*k - 23, 5*k + 2*n - 5 = 0. Let u be 7/((-1)/k) - (-1 - -1). What is the highest common divisor of u and y?
1
Suppose 4*q - 5*d - 2574 = 0, q - 12*d - 640 = -9*d. Calculate the highest common divisor of q and 34.
34
Suppose 327*z - 374*z + 658 = 0. Calculate the greatest common factor of 5495 and z.
7
Let i = -390 - -2056. Calculate the greatest common factor of 392 and i.
98
Let i(y) = -y**3 + 4*y**2 + 16*y + 37. Let j be i(7). What is the highest common divisor of j and 431?
1
Let v be (-225)/(-20) + 1/(-4). Suppose 15*o + 86 = 17*o - l, o - 3*l = 53. Let w = o - v. Calculate the highest common divisor of w and 120.
30
Let n = -568 + 833. Let m be (-2)/((-10 - -5)/n). What is the highest common divisor of 2 and m?
2
Suppose 5*f - 16*f = f - 8640. What is the highest common factor of 3168 and f?
144
Suppose -232*h - 1435 = -238*h + 2567. Calculate the greatest common divisor of h and 377.
29
Suppose 0 = -2*o + 2*m + 46, 2*m - 5*m + 31 = o. Suppose 0 = f + 19 - 94. What is the highest common factor of f and o?
25
Suppose -1257*b = -1256*b - 28. What is the greatest common divisor of 847 and b?
7
Let m(h) = 43*h**2 + 361*h - 44. Let t be m(10). What is the highest common factor of t and 12?
6
Suppose -8*m - 40 = -16*m. Suppose 24*u = m*u + 1596. Calculate the highest common divisor of u and 28.
28
Let a = -119 + 118. Let t be (2 + 96/(-54))/(a/(-9)). Suppose t*r = 3*v + 239, 2*r + 2*v - 182 = 42. What is the highest common divisor of r and 23?
23
Suppose -m = 4*g - 28, 5525*g = 2*m + 5526*g - 56. Calculate the highest common factor of 62104 and m.
28
Let f be 2*(-3)/6 - -6. Let k(q) = -q**2 + 7*q - 4. Let g be k(f). What is the greatest common factor of 9 and g?
3
Suppose l + 4*l = -2*c - 12, -3*c = -l - 16. Suppose 5*n + 20 = 0, 252 = c*t + 5*n - 288. What is the highest common divisor of 40 and t?
20
Let c = 113 + -81. Suppose 8 = -28*q + c*q. Suppose 1 = -3*s + q*s - 5*b, -69 = -3*s + 3*b. Calculate the highest common divisor of s and 152.
19
Suppose 0 = -w - 7 + 11. Suppose 0 = 4*u - 5*n - 149, -57 = -4*u + w*n + 95. Let l = u + -26. What is the highest common divisor of l and 5?
5
Let s be ((-399)/126 - -3) + 9350/12. Calculate the greatest common factor of s and 95.
19
Let k(l) = -l - 2. Let n be k(-6). Suppose 2*v - 5*c = -10, 2*v + 2 = n*v + c. Suppose v = 6*p - 16 - 20. What is the greatest common divisor of p and 12?
6
Let d = 1451 + -1450. Let q = -12 - -16. Suppose 2*y + 0*y - q = 0, -4*y - 6 = -2*z. What is the greatest common factor of d and z?
1
Suppose 3*v - 109 = -y, 0 = -3*y + v - 2*v + 367. Let p = 599 + -893. Let u be (-252)/p + (-428)/(-7). What is the highest common factor of u and y?
62
Let l = -11357 + 11573. Suppose 5*j - 5*n - 25 = 0, 3*j - 4*n - n = 9. What is the highest common divisor of l and j?
8
Let x = 5226 + -706. Calculate the greatest common divisor of 40 and x.
40
Suppose 7*o - 42 = -0*o. Let u be 16 - (-3)/o*2. Let g = 622 - 435. What is the highest common factor of u and g?
17
Let o(a) be the first derivative of -19*a**2 + 12*a - 1. Suppose -65 + 68 = -3*u. Let r be o(u). Calculate the highest common factor of 250 and r.
50
Let h = 33 - 11. Suppose -28 - h = -k. What is the highest common divisor of 225 and k?
25
Let n(h) = 138*h - 1015. Let z be n(20). What is the greatest common factor of 5 and z?
5
Let c be 0*7/(-49) + 64. Let y be (-48)/(-4)*(c/12 - 5). Calculate the greatest common divisor of 18 and y.
2
Suppose -268 = -b - 4*c, 4*b - 6*c - 1156 = -c. Let z = 341 - b. Calculate the greatest common divisor of 6 and z.
3
Let y(t) = 2*t**2 + 12. Let p be y(-2). Let r be -48*(-1 + 15/(-10)). Calculate the highest common divisor of r and p.
20
Let y = 0 - -2. Let f be ((-68)/(-12) - 6)/(y/(-18)). Let c(h) = h**3 - 2*h**2 - 2*h - 2. Let r be c(f). What is the highest common divisor of 9 and r?
1
Suppose -150 = 5*y - 0*y. Let f be (-1900)/34 - (-88)/(-748). Let q = y - f. What is the highest common divisor of q and 65?
13
Suppose -p + 252 = 5*q, 0 = 4*p + 91*q - 87*q - 1008. What is the greatest common factor of 3339 and p?
63
Let b be 57/4 + -14 + (-838)/(-8). Let j(m) = m**2 - 9*m. Let d be j(10). Let a = d - -5. Calculate the highest common divisor of b and a.
15
Suppose 27*j - 274 = 671. Let q be (12/(-18))/((-4)/(-42)). Let z be (q/(-2))/(6/12). What is the greatest common factor of z and j?
7
Let b(p) = -7*p - 66. Let w(o) = 16*o + 131. Let i(g) = -7*b(g) - 3*w(g). Let j be i(-16). What is the highest common factor of j and 477?
53
Let u(j) be the first derivative of 5*j**3/3 + 23*j**2/2 + 39*j - 111. Let d be u(-11). Calculate the highest common divisor of d and 23.
23
Let k = 332 - 191. Let u = 69 - 45. Let r = k + u. What is the highest common divisor of r and 15?
15
Let g be (-18 + 5 - (-630)/48)/((-2)/(-48)). Calculate the highest common divisor of g and 1149.
3
Suppose -15*r + 20*r + 26*r - 279 = 0. What is the highest common divisor of 6552 and r?
9
Let p(r) = 35*r**3 - r**2 + r + 1. Let h be p(-1). Let l be (-12)/3 + 8 - h. Let u = -34 + l. Calculate the highest common divisor of u and 42.
6
Let g(w) = w**2 - w - 3. Let p be -38 + 37 - (-3)/(6/16). Let t be g(p). Calculate the highest common divisor of 273 and t.
39
Let d be 94/6 + 11 - (0 + 4/6). What is the greatest common factor of d and 611?
13
Let i be (3 + -1)*(-6 - -4). Let o = -28 + i. Let n be (6/(-4))/(5 + 161/o). Calculate the greatest common divisor of 32 and n.
16
Suppose 281 = 9*v - 3*v - 5575. What is the greatest common factor of v and 549?
61
Let u(q) = 7 - 3*q - 7 + 12 + 12. Let k be u(8). Suppose k = 8*l - 0*l - 528. What is the highest common divisor of 44 and l?
22
Let o be -2 + 108/(-693)*-14 + (-77832)/(-22). Calculate the highest common factor of o and 488.
122
Let o be (-1644)/8*6*(-6)/27. Let y = 296 - o. Suppose 0 = -5*n + 4*n + 11. What is the highest common factor of y and n?
11
Let m = -28 + 31. Suppose 3*c - 2*o + 128 = -o, -m*c + 3*o - 132 = 0. Let s = c + 67. What is the highest common factor of s and 225?
25
Let b(j) = 6*j**2 - 21859*j + 131059. Let c be b(6). Suppose 0 = 4*m + 24 - 84. Let t = -4 + m. Calculate the greatest common divisor of t and c.
11
Let t be 12*((-1804)/(-2))/((-20)/(-5)). Calculate the highest common divisor of t and 528.
66
Let l be (0 - 120/9)*(-660)/80. What is the greatest common divisor of 33 and l?
11
Let m(a) = 83*a - 173. Let j be m(3). What is the greatest common factor of j and 36?
4
Suppose 5*z + 57 = -g + 77, 5*z - 15 = -2*g. Let r = -16 - -64. Suppose r = w + 5*f - 5, -z*f = -4*w + 87. Calculate the greatest common divisor of w and 12.
4
Let m be 9973 - -1 - (-1 - -121)/(-24). What is the greatest common factor of 51 and m?
17
Let c(z) = -z**3 - 8*z**2 + 46*z - 3. Let g be c(-12). Let m = -56 + 217. What is the greatest common factor of m and g?
7
Suppose 6 = 4*h - 2*h. Let q be 10 + 15/195*143. What is the highest common divisor of h and q?
3
Let q(k) = 7*k**3 - 78*k**2 - 6*k + 193. Let g be q(11). What is the highest common divisor of 2898 and g?
6
Suppose 4*w - 84 = 4*f, 4*f - 110 = -5*w + 8*f. Suppose 80 = -753*t + 773*t. Calculate the greatest common divisor of t and w.
2
Let p(x) = -431*x - 1532. Let k be p(-4). What is the highest common divisor of 9696 and k?
96
Let o = 25 + -28. Let x be 977*(o + (-12)/(-3)). Suppose 491 = 2*s + g, -g = 4*s - 0*g - x. Calculate the greatest common factor of s and 27.
27
Let q(z) = z**2 - 17*z + 26. Let s be q(15). Let p be (246/s)/(24/(-16)). Let b = -13 + p. What is the greatest common divisor of b and 7?
7
Let h(t) = 214*t + 8224. Let k be h(-5). What is the highest common factor of 98 and k?
98
Let g be 2*60/(-25)*-15. Suppose g = 6*j - 132. Calculate the highest common factor of 306 and j.
34
Let a(d) = -d**3 - 32*d**2 + 59*d + 1078. Let z be a(-33). Calculate the highest common factor of 6732 and z.
44